te the highest common divisor of 464 and 319.
29
What is the greatest common factor of 80236 and 52?
52
What is the highest common factor of 95 and 2565?
95
Calculate the greatest common factor of 39 and 6981.
39
Calculate the highest common factor of 2 and 452.
2
Calculate the greatest common factor of 4227 and 9.
3
Calculate the greatest common divisor of 2 and 184.
2
What is the highest common divisor of 122 and 1769?
61
Calculate the highest common divisor of 316 and 9322.
158
Calculate the greatest common divisor of 345 and 105.
15
What is the highest common divisor of 128 and 4?
4
What is the highest common divisor of 18 and 99?
9
Calculate the highest common factor of 198 and 216.
18
Calculate the greatest common divisor of 21 and 1029.
21
What is the greatest common factor of 112 and 144?
16
Calculate the highest common divisor of 12474 and 22.
22
Calculate the highest common divisor of 750 and 7350.
150
What is the highest common factor of 5850 and 1430?
130
Calculate the highest common factor of 13 and 65.
13
What is the greatest common factor of 1755 and 2015?
65
Calculate the highest common factor of 699 and 27.
3
Calculate the greatest common divisor of 103 and 2575.
103
What is the highest common factor of 104 and 260?
52
What is the greatest common factor of 2983 and 76?
19
What is the greatest common divisor of 108 and 990?
18
What is the highest common divisor of 128 and 56?
8
What is the highest common divisor of 407 and 3?
1
What is the greatest common factor of 518 and 14?
14
Calculate the greatest common factor of 176 and 48.
16
What is the greatest common factor of 408 and 24?
24
What is the highest common factor of 425 and 17?
17
Calculate the highest common divisor of 136 and 1921.
17
What is the greatest common factor of 1833 and 5076?
141
Calculate the highest common divisor of 64 and 1472.
64
What is the highest common divisor of 60 and 867?
3
What is the greatest common divisor of 416 and 39?
13
Calculate the greatest common factor of 10 and 160.
10
What is the greatest common divisor of 1598 and 470?
94
What is the highest common factor of 68 and 1513?
17
What is the highest common factor of 70 and 1246?
14
What is the highest common divisor of 34 and 136?
34
What is the highest common factor of 13115 and 1220?
305
Calculate the greatest common divisor of 207 and 9.
9
What is the highest common divisor of 506 and 66?
22
Calculate the greatest common factor of 54 and 306.
18
What is the highest common factor of 43 and 559?
43
Calculate the greatest common factor of 225 and 45.
45
What is the highest common factor of 105 and 4335?
15
What is the greatest common divisor of 39 and 65?
13
Calculate the highest common divisor of 414 and 54.
18
Calculate the greatest common divisor of 10 and 1070.
10
What is the greatest common divisor of 105 and 1035?
15
Calculate the highest common factor of 3311 and 129.
43
Calculate the greatest common factor of 165 and 99.
33
Calculate the highest common factor of 155 and 1116.
31
What is the highest common factor of 1242 and 138?
138
What is the greatest common factor of 37009 and 7?
7
Calculate the highest common divisor of 4 and 32.
4
Calculate the highest common factor of 7678 and 22.
22
What is the greatest common divisor of 68 and 40?
4
Calculate the highest common factor of 126 and 1071.
63
Calculate the greatest common factor of 1284 and 312.
12
What is the highest common divisor of 675 and 3240?
135
Calculate the highest common factor of 940 and 329.
47
Calculate the greatest common divisor of 1633 and 3479.
71
Calculate the highest common factor of 215 and 43.
43
What is the greatest common factor of 1128 and 6?
6
What is the highest common divisor of 2 and 13?
1
Calculate the greatest common divisor of 45 and 45.
45
What is the greatest common factor of 78 and 3159?
39
Calculate the highest common factor of 160 and 140.
20
What is the greatest common factor of 11 and 2893?
11
What is the greatest common divisor of 23 and 989?
23
Calculate the greatest common factor of 104 and 52.
52
What is the highest common divisor of 124 and 20398?
62
What is the greatest common divisor of 6798 and 297?
33
What is the greatest common divisor of 3680 and 276?
92
What is the highest common factor of 4 and 132?
4
Calculate the greatest common divisor of 10 and 280.
10
Calculate the highest common factor of 1825 and 25.
25
Calculate the highest common factor of 288 and 5904.
144
What is the highest common divisor of 402 and 6?
6
Calculate the greatest common divisor of 3955 and 245.
35
What is the greatest common factor of 30 and 20?
10
Calculate the highest common factor of 16 and 20.
4
What is the greatest common factor of 202 and 3838?
202
Calculate the highest common divisor of 82 and 10414.
82
What is the greatest common factor of 46 and 7360?
46
Calculate the highest common factor of 75 and 18.
3
What is the highest common factor of 220 and 3685?
55
Calculate the highest common divisor of 198 and 12942.
18
What is the greatest common factor of 2097 and 117?
9
Calculate the highest common divisor of 34 and 86.
2
What is the greatest common divisor of 3081 and 39?
39
Calculate the greatest common divisor of 1083 and 3363.
57
Calculate the greatest common factor of 288 and 16.
16
What is the highest common divisor of 88 and 18524?
44
What is the greatest common factor of 16 and 25904?
16
Calculate the greatest common factor of 15 and 15.
15
Calculate the highest common divisor of 153 and 136.
17
Calculate the highest common divisor of 710 and 10.
10
What is the highest common divisor of 345 and 165?
15
Calculate the greatest common divisor of 58 and 1421.
29
Calculate the greatest common divisor of 56 and 938.
14
What is the highest common factor of 15 and 705?
15
Calculate the greatest common factor of 4 and 2546.
2
Calculate the greatest common divisor of 1742 and 130.
26
What is the highest common divisor of 5056 and 256?
64
Calculate the highest common factor of 5595 and 15.
15
Calculate the greatest common factor of 732 and 84.
12
What is the highest common factor of 123 and 2993?
41
What is the highest common factor of 18 and 20?
2
Calculate the greatest common divisor of 126 and 882.
126
What is the greatest common divisor of 2470 and 171?
19
What is the highest common factor of 111 and 3663?
111
Calculate the greatest common divisor of 1784 and 16.
8
What is the greatest common divisor of 3604 and 68?
68
What is the greatest common divisor of 42 and 273?
21
Calculate the highest common factor of 780 and 15.
15
What is the greatest common divisor of 2085 and 139?
139
What is the greatest common factor of 445 and 25?
5
What is the greatest common factor of 25 and 2050?
25
Calculate the highest common divisor of 350 and 14.
14
What is the highest common factor of 910 and 770?
70
What is the greatest common divisor of 380 and 420?
20
What is the greatest common factor of 3091 and 11?
11
Calculate the highest common factor of 36 and 948.
12
Calculate the greatest common factor of 9 and 954.
9
Calculate the greatest common divisor of 243 and 459.
27
What is the greatest common factor of 10 and 400?
10
What is the greatest common divisor of 472 and 13157?
59
What is the highest common divisor of 77 and 56?
7
What is the highest common factor of 10830 and 330?
30
What is the highest common factor of 62 and 496?
62
What is the highest common divisor of 52 and 52?
52
Calculate the highest common divisor of 147 and 3.
3
What is the greatest common factor of 26355 and 105?
105
Calculate the greatest common factor of 14 and 31122.
14
Calculate the highest common divisor of 117 and 104.
13
Calculate the highest common factor of 91 and 1.
1
What is the greatest common divisor of 70 and 4970?
70
What is the greatest common divisor of 1 and 11?
1
What is the highest common factor of 152 and 16?
8
Calculate the greatest common divisor of 8 and 20.
4
What is the highest common factor of 156 and 60?
12
What is the highest common factor of 2752 and 731?
43
What is the greatest common divisor of 168 and 2592?
24
What is the highest common factor of 396 and 36?
36
Calculate the greatest common divisor of 88 and 568.
8
What is the greatest common factor of 1690 and 20?
10
Calculate the greatest com